2 - 7*q + 2. Let u = -1 + 46. Let m be (u/(-15))/((-2)/(-10)*-3). What is the remainder when 32 is divided by o(m)?
15
Calculate the remainder when -11 + 202/18 + (-5)/((-180)/232624) is divided by 15.
12
Suppose -14*b = -9*b - 20. What is the remainder when (-1)/(-4)*(-52)/(-13) is divided by b + (-10)/5 - 1?
0
Let t(z) = 5*z - 16. Let h be t(5). Let a be (h - 4)*-1*4/(-2). Let d = -8 + a. What is the remainder when 4 is divided by d?
0
Let h(x) = 7*x - 6. Suppose -37*f + 150*f = 1356. What is the remainder when h(11) is divided by f?
11
Let o(f) = -91*f + 53. Calculate the remainder when o(-8) is divided by 14.
11
Suppose -u - q = -141, -569 = -12*u + 8*u + q. Suppose -5*j + u = -2*j - 4*n, 0 = j - n - 47. What is the remainder when j is divided by 22?
2
What is the remainder when 587 is divided by 313 - (27 - 28/4)?
1
Suppose -669 = -3*r + 2*y, r - 660 = -2*r - y. Let f = r - 119. Suppose -4*b + f = -b. Calculate the remainder when b is divided by 6.
4
Let a(n) = 14*n**2 - 15*n - 512. Calculate the remainder when a(-15) is divided by 29.
21
Let o = 60 + -33. Let u(g) = g**3 + 12*g**2 + 9*g - 41. Suppose 6 = -s - 4. What is the remainder when u(s) is divided by o?
15
Suppose -4*v - 9 = 23. Let d(k) = 55*k + 53. Let p(n) = -13*n - 13. Let u(x) = 2*d(x) + 9*p(x). What is the remainder when u(v) is divided by 16?
13
Let b(a) = -1. Let w(g) = -g + 44. Let d = 16 + -11. Let m(p) = d*b(p) + w(p). What is the remainder when m(-10) is divided by 17?
15
Let u(x) = 2*x**2 - 35*x - 164. What is the remainder when u(-8) is divided by 96?
52
Let z(n) = -17*n**2 + 502*n + 280. Calculate the remainder when 1251 is divided by z(30).
11
Suppose 0 = 7*v - 18*v + 1452. Calculate the remainder when (2 - (4 + -2)) + (v - -11) is divided by 29.
27
Suppose -584*u - 2378 = -613*u. Calculate the remainder when 87 is divided by u.
5
Let o be (-6)/(-3)*(-2 + 3)*1. Suppose -3*u + o*u = -4*h - 47, 0 = -5*u - 4*h + 139. Calculate the remainder when 57 is divided by u.
26
Suppose -l + 2*v = -24, -l - v - 67 = -4*l. Calculate the remainder when 9082 is divided by l.
18
Suppose 0 = -6*s + 4*s - 3*y + 24, 4*y - 16 = 0. Calculate the remainder when 96 is divided by -22*((-1 - -2) + (-9)/s).
8
Let o(t) = -2*t - 10. Suppose 5*d + 36 = -d. What is the remainder when 74/8 - 10/40 is divided by o(d)?
1
Let a(v) = -4*v**3 - 11*v**2 - 3*v + 9. Suppose -4*n + 7*i - 2*i + 53 = 0, -5*i = 5. Suppose n*c + 25 = -23. Calculate the remainder when a(c) is divided by 26.
23
Calculate the remainder when 1 + (-114288)/(-120) + (-8)/20 is divided by 87.
83
Suppose 0 = 9*d + 84 - 3054. What is the remainder when 1982 is divided by d?
2
Suppose -5*d - 3*n + 453 = 0, 3*d + 93*n - 255 = 94*n. What is the remainder when 285 is divided by d?
24
Let f = -18447 - -18452. What is the remainder when 99 is divided by f?
4
Suppose -2*m + 3*b + 27 = 0, -1 = m - 2*b - 17. Let z be (m - -49) + (-2 - -1). Let f = 10 + z. Calculate the remainder when f is divided by 33.
31
Suppose -10 = 4*y - 66. Let w(v) = 228*v - 2734. Let m be w(12). Suppose y = m*j - 28. Calculate the remainder when 41 is divided by j.
20
Suppose -3*y = 2*q - 6*q - 25, 4 = -4*q. Suppose 0 = 7*p - 15 - 6. Let m(g) = 7*g - 9. Calculate the remainder when m(p) is divided by y.
5
Let l(s) = 36*s**3 - 2*s**2 + s + 2. Let u = -45987 + 46044. Calculate the remainder when l(2) is divided by u.
56
Let b = 3701 - 3591. Calculate the remainder when 312 is divided by b.
92
Let n = 1875 - 1503. Calculate the remainder when n is divided by 43.
28
Suppose -2*c = 3*a - 496 - 106, -2*c - 5*a = -594. Calculate the remainder when c is divided by 114.
79
Suppose 195*r - 108 = 191*r. Calculate the remainder when (1 - 2)*4 + 65 + 2 is divided by r.
9
Suppose 9*m = 44 + 73. Suppose -2*c = -3*c + m. Suppose -1 = -2*j + c. What is the remainder when 27 is divided by j?
6
Let t be 44/66*(238/4 - -2). Suppose -u - 5*a = -t, -2*u + 7*u - a - 75 = 0. What is the remainder when u is divided by 4?
0
Calculate the remainder when 950 is divided by 621/3105 + 2264/5.
44
Suppose 4516*r = 4474*r + 9492. Calculate the remainder when 852 is divided by r.
174
Let b = -17 + 45. Let q = -79 + 76. What is the remainder when b is divided by ((-1)/q)/((-3)/(-90))?
8
Let c(q) = 433*q - 9931. Suppose -2*d + 7*l = 3*l + 20, -33 = 3*d - 5*l. Let v = 31 + d. What is the remainder when c(23) is divided by v?
13
Let s(j) = -j + 1. Let o(g) = -2*g + 3. Let p(m) = 2*o(m) - 5*s(m). Let f be p(16). Suppose 0 = 11*u - f*u + 306. What is the remainder when u is divided by 18?
15
Let n(p) = -2*p + 4*p**3 + 9 - 13*p**3 - 17*p**2 - 37 + 8*p**3. Calculate the remainder when 55 is divided by n(-17).
1
Let b be (-7652)/20 - (-27)/45. Let l = -136 - b. What is the remainder when l is divided by 36?
30
Suppose 0 = -5*r + 4*f - 260 - 149, 3*r + 3*f = -267. Suppose 4*l - 18*l = 14*l - 2856. Let v = r + l. What is the remainder when 66 is divided by v?
15
Suppose -7*h = -6*h - 5*y + 34, -4*h - 5*y - 186 = 0. Calculate the remainder when (-2132)/h - (-120)/220 is divided by 11.
5
Suppose -825 + 1675 = 10*n. What is the remainder when 241 is divided by n?
71
Let m(c) = c**3 + 8*c**2 - c + 5. Let h = -96 - -117. What is the remainder when m(-6) is divided by h?
20
Let c(j) = -j**3 - 10*j**2 + 48*j + 14. Let t be c(-14). Suppose 5*s = -4*s + t. Suppose -3*v + 77 + 79 = 0. What is the remainder when v is divided by s?
10
Let v = 11 - -8. Suppose -3*r + 2*r = -5. Suppose -r*h - 91 = -741. What is the remainder when h is divided by v?
16
Let q(t) = 57*t - 2746. What is the remainder when 1597 is divided by q(49)?
46
Let o be 146/(-2) - -2*1. Suppose 0 = -6*s + 9*s + 150. Let d = s - o. What is the remainder when 165 is divided by d?
18
Let k = -2354 + 2403. Calculate the remainder when 201 is divided by k.
5
Let c = -9532 + 9547. What is the remainder when 1704 is divided by c?
9
Let q = -241 + 136. Let u = q - -133. Calculate the remainder when 79 is divided by u.
23
Let h = -32 + 9. Let a = -44 - h. Let m = a + 45. Calculate the remainder when 95 is divided by m.
23
Let l = 9962 - 9813. Calculate the remainder when 445 is divided by l.
147
Let q(m) be the third derivative of -5*m**4/3 + 14*m**3/3 + 179*m**2. What is the remainder when q(-1) is divided by 39?
29
Calculate the remainder when 1197 is divided by (-146)/(-14) - (61/1281)/((-1)/(-9)).
7
Let p = 6665 + -6588. Suppose 4*g = -o + 902, 5*g - 910 = 4*o + 228. Calculate the remainder when g is divided by p.
72
Suppose 53*a + 19*a = a + 29678. Calculate the remainder when a is divided by 7.
5
Suppose 21 = 20764*v - 20757*v. What is the remainder when 13 is divided by v?
1
Let d = 32706 - 32616. Calculate the remainder when d is divided by 47.
43
Suppose 7*u - 2*u = -285. Let z = u - 86. Let w = -78 - z. What is the remainder when w is divided by 11?
10
Suppose -4*l + 972 = h, -18*h + 13*h + 1215 = 5*l. What is the remainder when l is divided by 62?
57
Let q be (-2)/8*(-4 - -8)*-29. Suppose 6*w - 2065 = -q*w. Calculate the remainder when w is divided by 7.
3
Let n be 504 + 112/20 + 15/(-25). Let v = n + -360. What is the remainder when v is divided by 72?
5
What is the remainder when 616 is divided by 750/6 + -8 + 6?
1
Suppose 0*x + 28 = -2*g + 3*x, 0 = -3*g - 4*x - 42. Calculate the remainder when 66 is divided by (-24)/84 - 242/g.
15
Suppose 7*p = 50 + 594. Let g = 98 - p. What is the remainder when 14 is divided by g?
2
Suppose 0*l + 50 = l. Let t be ((-44)/(-132))/((-1)/33). What is the remainder when 151 + 6 + 3 + t is divided by l?
49
Let c = 14 + -11. Let g(a) = -a**3 + 13*a**2. Let n be g(13). Suppose -c*d + 72 = -n*d. Calculate the remainder when d is divided by 7.
3
Let f(r) = -8*r**2 - 59*r - 32. Calculate the remainder when 780 is divided by f(-6).
32
Suppose 0 = 24*i - 2822 - 401 - 6497. Calculate the remainder when i is divided by 68.
65
Let q(y) = -y**3 + 17*y**2 - 3*y + 73. Let h be q(17). Suppose -5*a + h*b + 957 = 26*b, -2*a + 390 = -2*b. Calculate the remainder when a is divided by 49.
46
Let j = 18827 + -18721. Let d = 65 + -26. Calculate the remainder when j is divided by d.
28
Suppose 9*d - 4*d + 350 = 3*c, -3*c - 4*d = -368. Let q = 96 - 55. What is the remainder when c is divided by q?
38
Let d(p) = 2*p**3 + 25*p - 6*p**2 - 3*p**3